t is the tens digit of (b/6)/(3/(-30))?
4
Suppose 4*t - 5*t + 553 = 0. What is the hundreds digit of t?
5
Let h(x) = x**2 - 5*x - 3. Let k be h(6). Suppose -4*l - 4 + 66 = u, -k*u - 69 = -5*l. What is the units digit of 2/5 - (-84)/l?
6
Suppose -l + 3*l - 8 = 0. Suppose q = l*q - 843. Suppose 7*h - 83 = q. What is the units digit of h?
2
Let p(a) = 7*a - 8 - 1 + 5. What is the units digit of p(4)?
4
Suppose 5*l - 22 + 2 = 0. Suppose 0 = -2*w + i + 213, 126 + 295 = l*w - i. What is the tens digit of w?
0
Let x = 40 + -33. Suppose 2*f - 2286 = -x*f. What is the hundreds digit of f?
2
Suppose 2*c - 3*k + 0*k = -9, 0 = 3*c + 4*k - 29. Let r(g) = -7 + 0*g - 2 + c + 2*g. What is the units digit of r(5)?
4
Suppose g - 5*t - 726 = 0, 2*g - 5*g = -5*t - 2148. What is the hundreds digit of g?
7
What is the hundreds digit of 37/185 - ((-2169)/5 - 2)?
4
What is the tens digit of (-3290)/(-7) + -3 + 6?
7
Let a be 4/(-6) + 328/24. Let y = a - 15. What is the units digit of 1 - (-20 + -2 - y)?
1
Let c(v) be the second derivative of -v**5/20 + v**4/6 + v**3/2 - 3*v**2/2 + v. Let a be c(2). What is the units digit of 79/3 + (-1)/a?
6
Let h be (1/3)/((-2)/(-30)). Suppose -3*j + 82 = -4*m, 3*j + 83 = 6*j - 5*m. Suppose h*o - 79 = j. What is the units digit of o?
1
Let o(c) = 15*c**3 + 7*c**2 + 13*c - 7. What is the units digit of o(4)?
7
Suppose 0 = 2*v - 4*k - 154, 5*v + 4*k - 187 - 226 = 0. What is the tens digit of v?
8
Suppose 31*x = 27*x + 624. What is the hundreds digit of x?
1
Let h(r) = -r - 1. Let c(a) = -2*a - 6. Let z(i) = -c(i) + 6*h(i). Let s(v) = 11*v - 1. Let w(q) = -3*s(q) - 8*z(q). What is the units digit of w(-3)?
6
Let p(o) = -o**3 + 4*o**2 + 7*o - 11. Let q be p(5). What is the tens digit of 5/(15/q) + 272/6?
4
Let h be (0 + -1)/(4/(-8) - -1). What is the units digit of (h/4)/((-3)/24)?
4
What is the units digit of (-4590)/(-30) - (0 + 0)?
3
Suppose 2*l - 1573 = 263. What is the units digit of l?
8
Let u = -195 + 661. What is the units digit of u?
6
Let x(d) be the first derivative of 14*d**2 + 5*d + 3. Let f be x(7). What is the units digit of (-1)/(-4) - f/(-12)?
7
Let s be 3 + (-1)/(2/32). Let r = 25 + s. What is the tens digit of r?
1
Let d(a) = 5*a**2 + 6*a + 3. Let z be d(-4). Suppose -z = -2*m + 4*b + 7, m - 5 = -5*b. Suppose 0 = -2*p + 3*p - m. What is the units digit of p?
5
Let g = 49 - 30. Let p = g - 18. What is the tens digit of p/5 + (-833)/(-35)?
2
Suppose 15 = -3*a, -c - 2*c - 5*a + 323 = 0. What is the tens digit of c?
1
Let h(u) = u**2 - 26*u + 82. Let f be h(24). Let o be (-3)/(3*(-1)/172). Suppose 30*p - f*p = -o. What is the units digit of p?
3
Suppose 2*h = -3*h - 10. Let f = h + 8. Suppose 5*v - 65 = -5*c, c = 4*v - f*v + 26. What is the tens digit of v?
1
What is the hundreds digit of 31*(-11 + 12 - (-408)/3)?
2
Suppose 0 = f - r - 5, 2*r + 0*r + 22 = 4*f. Suppose -3*z + f*z = 0. Suppose z = -d - 2*d + 108. What is the tens digit of d?
3
Let w be 191/3 - 1*(-12)/(-18). Let p = -49 + w. What is the units digit of p?
4
Let r(y) = -3*y**2 + y - 1. Let m be r(1). Let z = 45 + -22. Let s = z + m. What is the units digit of s?
0
Let q(x) = x**3 - 7*x**2 + 2*x + 6. Let z(s) = s**3 - 9*s**2 + 2*s + 5. Let u(n) = 3*q(n) - 2*z(n). Suppose 5*p - 28 + 8 = 0. What is the tens digit of u(p)?
3
Let b = 3405 + -2173. What is the thousands digit of b?
1
Let l(s) = -s**3 + 7*s**2 + 8*s - 10. Let z(h) = h + 1. Suppose 2*w + 1 = -a, a + 0*a - 5*w = 6. Let q(j) = a*l(j) + 3*z(j). What is the tens digit of q(8)?
1
Let v(k) = 4*k + 3. Let g be v(-2). What is the units digit of (134/4)/(g/(-10))?
7
Suppose -g = -3*g + 18. Suppose -g*s + 4 = -7*s. Suppose -24 = -2*x - 0*x - 4*o, -x + s*o = 8. What is the units digit of x?
2
Suppose 6*h - 25 = h. Let o(j) be the third derivative of -j**6/120 + 2*j**5/15 - 5*j**4/12 - j**3/2 - 9*j**2. What is the tens digit of o(h)?
2
Suppose -v - 2*b = -2137, -48*b + 53*b = -2*v + 4270. What is the thousands digit of v?
2
Let v(t) = t - 25. Let d be v(7). Let g(y) = -8*y + 34. What is the hundreds digit of g(d)?
1
Suppose 2*n - 4*n = -4. Suppose -7*p + 100 = -n*p. What is the tens digit of p?
2
Let k = 4 - 13. Let l(z) = 2*z**2 - 11*z + 15. What is the hundreds digit of l(k)?
2
Let l = 84 - 5. Let f = -2 + l. Let i = f - 34. What is the tens digit of i?
4
Let s(n) = -28*n + 559. What is the tens digit of s(-8)?
8
Suppose -156 = -5*o - 2*t + 3*t, 3*o - 95 = 2*t. Suppose 10*l = 34 - 214. Let u = o + l. What is the tens digit of u?
1
Let o be (3 - -9 - 3)*(-70)/6. What is the tens digit of 1*3 - (-1 + o)?
0
What is the tens digit of ((-4)/(-12)*6)/(6/1965)?
5
Suppose -4*i = i - 20. Let q(b) be the third derivative of 5*b**4/12 - b**3 - 40*b**2. What is the tens digit of q(i)?
3
Suppose 4*p - 3*b - 1734 = 0, -4*b - 1 = 7. Suppose 3*i - 1082 = -5*n, 0*i - p = -2*n - 2*i. What is the units digit of n?
7
Suppose -3*a = 4*n + 6 - 2, a = 4*n + 4. Suppose 2*f = 3*f - 3. Suppose -f*y - 2*y + 100 = a. What is the units digit of y?
0
Let n(f) = f**2 + 10*f - 18. Let i be n(-13). Let w be 1332/42 - (-6)/i. Suppose -3*d + 6*d - w = g, -4*g = -2*d + 28. What is the tens digit of d?
1
Suppose -3*z + z = -4*s + 10, -5*z = 2*s - 35. Suppose 2*r = -y - r + 46, -y - s*r = -48. Suppose 5*b = y + 27. What is the tens digit of b?
1
Let w = 2726 + -234. What is the hundreds digit of w?
4
Let c(w) = -w**3 + 7*w**2 + 15*w - 2. What is the tens digit of c(6)?
2
Suppose -13*y - 3 = -10*y. Let w be y - 15/(-6)*2. Suppose -3*b + 2*j = -51 - 4, -w*b + 58 = 5*j. What is the units digit of b?
7
Let c(f) = 144*f - 399. What is the tens digit of c(8)?
5
Let r be (-9)/(-2) - (-1)/(-2). Suppose -66 = 2*p + r*p. What is the tens digit of p/(-2)*(-56)/(-7)?
4
Let u = -370 + 568. What is the hundreds digit of u?
1
What is the hundreds digit of 12/(-8)*1286/5*-5?
9
Suppose 0 = 3*f + 4*k - k + 12, -f = 5*k + 20. Let v(c) = -c**2 + 165. Let s be v(f). What is the units digit of (-6)/(-4) - s/(-22)?
9
Let d(b) be the first derivative of b**4/4 + 5*b**3 - 2*b**2 - 20*b + 7. Let v be d(-15). What is the tens digit of (32/v)/(2/145)?
5
Let k = -29 + -17. Let i = 11 - k. What is the units digit of i?
7
What is the hundreds digit of (55 + -10)/(1/29)?
3
Suppose 5*h = 3*h + 12. What is the tens digit of h/21 + (-3)/((-21)/649)?
9
Let n(v) = -2*v**3 + v**2 - 5*v - 5. Let r be n(-2). Let o = 15 - r. What is the units digit of (-56)/(-10) + (-4)/o?
6
Let j(d) = d + 2*d**3 - 11 - 3*d**3 - 7 + 10*d**2 + d. What is the tens digit of j(8)?
2
Let l(p) = 168*p**2 - 3*p - 1. What is the hundreds digit of l(-1)?
1
Let z(l) = -317*l - 59. What is the thousands digit of z(-7)?
2
Let b(w) = -6*w**2 - 402*w + 78. What is the hundreds digit of b(-59)?
9
Let w(z) = -z**3 + 7*z**2 + 8*z + 2. Let h be w(8). Let k(t) = -h*t - t - 10 - t. What is the units digit of k(-8)?
2
Suppose -4 = 3*g - 1, 32 = 4*c + 4*g. Suppose c*p - 448 = p. What is the units digit of p?
6
Let a = -58 - -40. Let f = a + 87. What is the tens digit of f?
6
Suppose 2521 = 3*y - 5*k, -6 = -0*k + 3*k. What is the hundreds digit of y?
8
What is the tens digit of (68/102)/(4/2088)?
4
Let k(u) = -u**2 - 4*u + 5. Let n be k(-4). Suppose -5*w = -10 - n. Suppose -j + 68 = w*j. What is the tens digit of j?
1
Suppose f = -p - 28, 0 = -0*p + p - 5. Let l = f + 18. What is the tens digit of (-392)/l - (-8)/(-60)?
2
Suppose 8*c - 3*c = 0. Let z(o) = -2*o + 4*o - 1 + 5 + c. What is the units digit of z(3)?
0
Let h(i) = i + 14. Let o be h(-14). Suppose o*d + 196 = 2*d - 3*p, 0 = -4*d - 5*p + 370. What is the units digit of d?
5
Let h be 33*((-4)/3 + 1). Let m = 16 + h. Suppose 2*v = -2*s + v + 54, m*s + 4*v = 135. What is the tens digit of s?
2
Let q = -16 - -21. Suppose -5*p = -q*g - 240, 5*p + 3 = g + 39. Let t = g - -86. What is the tens digit of t?
3
Suppose -5*u + 166 - 26 = 0. Let v = u - 10. What is the tens digit of (v + -3)/(3/2)?
1
Let c(q) = q**2 + 5*q - 13. Let m be 5 + (1 + -4)/(-1). What is the tens digit of c(m)?
9
What is the tens digit of -12*(-1)/16 + 2097/4?
2
Let v(d) = -4 - 1 + 20*d - 25*d + 4 + d**3 - 4*d**2. What is the units digit of v(6)?
1
What is the tens digit of (-4)/(5424/(-13510) - 92/(-230))?
0
Let b be 154*(-3)/3*(-4 + 6). Let u = -167 - b. What is the hundreds digit of u?
1
Let x(r) = 